v - 32880 - 53210. What is the hundreds digit of v?
2
Let b = -3839 + 37704. What is the hundreds digit of b?
8
Suppose 4*z + 5*j = 74, 7*z - 55 = 4*z - 4*j. Let w = -19 + z. Suppose -w*r + 0 = -8. What is the units digit of r?
4
Let h(m) = -6*m - 22 + 3*m - m. Let v be h(-17). Suppose 658 + v = 8*o. What is the tens digit of o?
8
Let n = 993 + 198. Let l = -406 + n. What is the units digit of l?
5
Let l be ((-4)/(-6))/((-1)/3)*-1. Suppose -70*a + 71*a + l = 0. What is the tens digit of a/((-12)/(-2)) + 35854/273?
3
Suppose -5*v - 190 + 200 = 0, 4*v = 5*b - 70002. What is the ten thousands digit of b?
1
Let z(c) = 2*c**2 + 4*c - 4. Let f be z(-4). Suppose f*b = 64 + 44. Suppose -b*w - 270 = -14*w. What is the units digit of w?
4
Let f(n) = -n**3 - 9*n**2 - 14*n - 122. Let y be f(-9). Suppose y*z + 46*z = 4950. What is the tens digit of z?
9
Let x be (-3 - (5 - 14))/(3/126). Suppose -12*u + 0*u = -x. What is the tens digit of u?
2
Let h(j) = -j**2 - 31*j + 116. Let d be h(-27). Suppose 4*v - 4*r - 300 = 0, -v + 69 = -3*r - r. Let k = v + d. What is the hundreds digit of k?
3
Let x be -3 + 16/3*3. What is the units digit of (417/3)/(x - 12)?
9
Let b(w) = w**3 - 29*w**2 + 28*w - 28. Let o be b(28). What is the units digit of (-8464)/(-14) + o/49?
4
Let c = -994 + 996. Suppose 3*a + 0*a = 0. Suppose a = -c*n + 45 + 409. What is the hundreds digit of n?
2
Let z(s) = 4*s + 548. What is the tens digit of z(-47)?
6
Let v(s) = -1264*s + 825. What is the thousands digit of v(-9)?
2
Suppose 10088 = 3*r - 37*s + 41*s, s - 3364 = -r. What is the thousands digit of r?
3
Let x be (8/(-4))/(5/(-10)). Suppose 20 = -5*j, 0 = 4*q - 2*j + x*j + 804. Let m = -90 - q. What is the units digit of m?
9
Let s be (-2)/(-9) - (-68)/72*4. Suppose 25 = -5*f, 78 - 204 = s*z + 2*f. Let t = z - -41. What is the tens digit of t?
1
Let p(f) = -3*f**3 - 8*f**2 - 10*f - 14. Let g be p(-3). Suppose 0 = g*v - 42*v + 8755. What is the hundreds digit of v?
5
Let q(d) = 7*d - 6. Let h(b) = 15*b - 12. Let f(u) = -4*h(u) + 10*q(u). Let k = -3264 + 3267. What is the units digit of f(k)?
8
Let j(v) = 22 - 2*v**2 + 2*v**2 + 6*v + v**2 + 9. Let x be j(-11). What is the units digit of x*3*(-3)/(-18)*2?
6
Let w(f) = 4*f. Let j be w(0). Suppose j*i = x + i, -4*x + i = -20. Suppose 101 = d - 5*q, -d + 83 = x*q - 18. What is the tens digit of d?
0
Let k = -617 + 311. Let b = 44 - k. Suppose 11*u = 16*u - b. What is the units digit of u?
0
Suppose -5*u + 3*u - 4*c + 200 = 0, 4*u = 5*c + 413. What is the hundreds digit of 90/40*8/6 + u?
1
What is the tens digit of (-420)/30*2/(-10)*11465/2?
5
Suppose 229746 = 71*g + 46*g - 259431. What is the hundreds digit of g?
1
Let f(j) = -j**3 + 25*j**2 - 38*j + 29. What is the units digit of f(18)?
3
Let a(x) = -2*x**3 + 87*x**2 + 60*x + 7. What is the hundreds digit of a(40)?
6
Suppose -13*w + 50*w = -23*w + 618840. What is the thousands digit of w?
0
Let x(h) = -2*h + 20 + 7 + 0*h - 48 - h**3 - 6*h**2. Let j be x(-11). What is the hundreds digit of j/8*(-20)/(-15)?
1
What is the thousands digit of -4103*(9 + -15 - 2*1/1)?
2
Suppose -d + 72 = 3*j - 25, 4*d - 388 = 4*j. Suppose 77 + 48 = 4*b - 5*v, 5*v = 2*b - 55. Let q = d - b. What is the units digit of q?
2
Suppose 26248 - 54002 = 19*k - 246083. What is the tens digit of k?
9
Let s(x) = 1485*x - 666. What is the units digit of s(15)?
9
Let k be (-2974)/(-8) - (-9)/36. What is the tens digit of (7/(-21))/((-2)/k)?
6
What is the tens digit of 0 + (-12)/(-54) + 627328/117?
6
Suppose 0 = -i + 5*v + 47626, 4*v - 47599 = 4*i - 5*i. What is the ten thousands digit of i?
4
Let o be (13/78)/(2/12). Let c(w) = 646*w**2 - 15*w + 15. What is the tens digit of c(o)?
4
Suppose -2*u - n = -7596, -54*n + 49*n + 15210 = 4*u. What is the units digit of u?
5
Let f(w) = -48*w + 22. Let z(q) = 69*q - 34. Let c(a) = 7*f(a) + 5*z(a). Let r be 58/6 - (-1)/3. What is the units digit of c(r)?
4
Suppose -5*c + 10*c + 3*f = -5, 5*f = c - 27. Suppose -3*w + 744 = -c*s, -2*s + 8 - 2 = 0. What is the tens digit of w?
5
What is the hundreds digit of (-472 - -333)*(312/2)/(-2)?
8
Suppose 0 = 6*a + 3*a - 33228. Suppose a + 2622 = 11*k. What is the units digit of k?
4
Let q = -5528 - -7478. What is the hundreds digit of q?
9
What is the thousands digit of 6 - 1 - ((-1)/(-7) - (-1724200)/(-259))?
6
Let h(x) = 30*x**2 - 4*x - 83. Let d be h(18). Suppose -32*o - 1693 = -d. What is the hundreds digit of o?
2
Let g be 9 - 36/42*14/4. Suppose -m = -g*m - 3*i + 1613, i - 1611 = -5*m. What is the units digit of m?
2
Let o(v) = -v. Let i be o(5). Let z = 117 + i. Let a = 180 - z. What is the units digit of a?
8
Suppose -4*r = 5*l - 18983, 26*r + 7598 = 2*l + 30*r. What is the units digit of l?
5
Suppose 4*x = -4*c - 84, 2*c = -5*x + 21 - 126. Let l(t) = t**3 + 21*t**2 - 13*t + 35. What is the units digit of l(x)?
8
Let d(q) be the third derivative of 41*q**4/24 + 7*q**3/6 - 15*q**2 + 4*q. What is the hundreds digit of d(6)?
2
Let t(z) = 61*z**2 - 555*z - 356. What is the thousands digit of t(39)?
0
Let a(j) = -2 + 1 - 761*j + 3 - 4 + j. What is the hundreds digit of a(-1)?
7
Suppose -3*j = -12 - 9. Suppose 0 = -v - y + 369, 5*v + j*y - 1845 = 6*y. What is the tens digit of v?
6
Let k(q) = 83*q**2 - 178*q + 4113. What is the thousands digit of k(28)?
4
Let h be ((-15568)/(-12))/(-7)*3. Let a = 1407 + h. What is the tens digit of a?
5
Suppose -1534 = -q - 423. Let y = q - 526. What is the units digit of y?
5
Suppose 627*n - 628*n + 8688 = 0. Suppose -83*j = -71*j - n. What is the tens digit of j?
2
Let p = 7955 - 1718. What is the units digit of p?
7
Let c be 2/14 - 8646/(-42). Let m = 286 - c. What is the units digit of m?
0
Let b = 261 - 655. Let t = b - -417. What is the units digit of t?
3
Let r = 6520 - 5841. What is the hundreds digit of r?
6
Suppose 6*p + 25 = 127. Let v(s) = 2*s - 30. Let o be v(p). Suppose -22 = -z - o*c + 64, -z = -3*c - 72. What is the tens digit of z?
7
Let u be 0 - 3/(-6) - (-238)/28. Suppose 4307 + 1165 = u*c. What is the units digit of c?
8
Suppose -20*w + 7*w + 78 = 0. Suppose -w*o - 10*o = -4272. What is the tens digit of o?
6
Suppose 3*i - 4*i = 4*t - 176, -4*i = -5*t + 199. Let u = t - 39. Suppose -3*m - 4*l + 256 = -0*l, u = 4*l. What is the tens digit of m?
8
Let d(t) = -2*t**3 - 13*t**2 - 6*t - 3. Let c be d(-6). Let y be (0 + (c - 0))*35. What is the tens digit of (-6)/y*5 + 453/7?
6
Let h(m) = m**2 - 13*m + 55. Let i = -25 + 29. Suppose i = 2*y, -2*j + 62 = 2*j - y. What is the hundreds digit of h(j)?
1
Suppose -37*w - n = -40*w + 58033, w - 19371 = -5*n. What is the thousands digit of w?
9
Let u = 4796 + -7511. Let h = 4177 + u. What is the units digit of h?
2
Suppose -87*d = -92*d + 39210. What is the units digit of d?
2
Suppose 5*o = 254398 - 27403. What is the units digit of o?
9
Let t(j) = 46*j - 2. Let k be t(-8). Let z = -187 - k. What is the units digit of z?
3
Let v(c) = 14110*c**3 - 2*c**2 - 2*c + 1. What is the tens digit of v(1)?
0
Let b(q) be the third derivative of -23*q**4/12 + 7*q**3/2 + 235*q**2. What is the tens digit of b(-3)?
5
Suppose 322 = -5*h - 2*l, 0*h + h + 61 = 3*l. Let o = -61 - h. What is the units digit of 164/o*(-12)/(-8)?
2
Suppose -15*w + 21*w - 34926 = 0. What is the tens digit of w?
2
Let h = 158 - 155. What is the hundreds digit of 0 + (988 - 1) + 15/h?
9
Let j(y) = y**2 + 5*y + 2. Let l be j(-2). Let p = l + 8. Suppose -100 = -s + 3*i, -i = p*s - 414 - 25. What is the hundreds digit of s?
1
Let a(i) be the second derivative of i**4/6 + 15*i**3/2 - 71*i**2 + 6*i - 11. What is the tens digit of a(-35)?
3
Let a(g) = -21*g - 21. Suppose -5*l + 22 = -3*m, -25 = -2*l - 3*l. Suppose -4*r + 3*c - m = 0, -r + 0*c = -2*c - 6. What is the tens digit of a(r)?
6
What is the units digit of (189/(-18) - -16)*3062?
1
Suppose -s = 3*l - 36, 3*l + 17 = -4*s + 53. Suppose -10 - l = -4*v + 5*q, 5*v - 34 = 3*q. What is the units digit of (-1 - (-629)/4) + (-2)/v?
6
Suppose -w - 7 = 0, -19*g = -22*g - 4*w + 224276. What is the ten thousands digit of g?
7
Suppose 52 = 3*k - 2*p, 5*k - 4*p + 2*p - 80 = 0. Suppose 5*j - 11 = 4*a, a - k = -3*j - 4*a. Let c = j + 46. What is the tens digit of c?
4
Suppose -11*h + 25856 = -19*h. What is the tens digit of 16/(-136) - h/17?
9
What is the ten thousa